 of 20?
True
Is 188 a factor of 47752?
True
Is 10 a factor of 4590?
True
Is 8 a factor of 51427?
False
Is 34 a factor of 3298?
True
Does 3 divide 6858?
True
Is 80 a factor of 6560?
True
Does 22 divide 110?
True
Is 64 a factor of 783?
False
Is 23 a factor of 8000?
False
Is 14 a factor of 7490?
True
Is 18570 a multiple of 10?
True
Is 3 a factor of 26604?
True
Does 8 divide 65?
False
Is 19 a factor of 760?
True
Does 27 divide 324?
True
Is 3478 a multiple of 128?
False
Is 42481 a multiple of 33?
False
Is 3 a factor of 2005?
False
Does 9 divide 505?
False
Does 15 divide 649?
False
Does 9 divide 43251?
False
Does 6 divide 2988?
True
Does 19 divide 10431?
True
Is 8545 a multiple of 5?
True
Is 19 a factor of 70798?
False
Is 53 a factor of 1177?
False
Does 73 divide 1871?
False
Is 355 a multiple of 7?
False
Does 30 divide 17220?
True
Does 7 divide 1501?
False
Is 1055 even?
False
Is 23289 a multiple of 7?
True
Is 347 a multiple of 12?
False
Is 69 a factor of 842?
False
Is 12 a factor of 4159?
False
Does 32 divide 1687?
False
Does 28 divide 2078?
False
Is 93 a factor of 2819?
False
Is 153 a multiple of 9?
True
Is 22 a factor of 11066?
True
Is 3 a factor of 33?
True
Does 21 divide 3539?
False
Is 12 a factor of 13812?
True
Does 70 divide 28070?
True
Is 233 a multiple of 18?
False
Does 160 divide 118560?
True
Is 6779 a multiple of 21?
False
Is 11 a factor of 350?
False
Is 246 a multiple of 41?
True
Does 74 divide 28786?
True
Does 33 divide 2861?
False
Is 86 a factor of 5848?
True
Is 13 a factor of 40833?
True
Is 10395 a multiple of 11?
True
Is 13473 a multiple of 27?
True
Is 57 a factor of 9192?
False
Is 45 a factor of 495?
True
Does 187 divide 53295?
True
Is 227 a multiple of 17?
False
Does 4 divide 11846?
False
Does 5 divide 27556?
False
Is 7 a factor of 103?
False
Does 72 divide 1199?
False
Is 26 a factor of 3458?
True
Is 3 a factor of 2034?
True
Is 5 a factor of 265?
True
Is 32 a factor of 1950?
False
Is 224 a multiple of 8?
True
Is 17 a factor of 1156?
True
Does 9 divide 2367?
True
Is 16739 a multiple of 19?
True
Is 7015 a multiple of 17?
False
Is 5 a factor of 56?
False
Is 89 even?
False
Is 59 a factor of 3302?
False
Is 12 a factor of 276?
True
Is 2 a factor of 3928?
True
Does 15 divide 10005?
True
Does 4 divide 1949?
False
Does 75 divide 239?
False
Is 10 a factor of 190?
True
Does 33 divide 1451?
False
Does 65 divide 2485?
False
Is 56760 a multiple of 66?
True
Is 27763 a multiple of 151?
False
Is 133 a factor of 6021?
False
Does 10 divide 20620?
True
Does 9 divide 9412?
False
Is 3210 a multiple of 8?
False
Is 4545 a multiple of 4?
False
Is 18349 a multiple of 59?
True
Is 9984 a multiple of 128?
True
Does 24 divide 13584?
True
Does 26 divide 922?
False
Is 7 a factor of 581?
True
Is 3 a factor of 6320?
False
Does 29 divide 20870?
False
Does 41 divide 984?
True
Is 3266 a multiple of 71?
True
Is 14 a factor of 331?
False
Is 104020 a multiple of 8?
False
Is 17 a factor of 1747?
False
Is 1059 a multiple of 30?
False
Does 69 divide 13987?
False
Is 406 a multiple of 7?
True
Is 16 a factor of 108455?
False
Does 92 divide 273?
False
Does 65 divide 1868?
False
Does 18 divide 4930?
False
Is 384 a multiple of 4?
True
Does 11 divide 4994?
True
Does 32 divide 896?
True
Is 7 a factor of 111?
False
Does 39 divide 2184?
True
Does 7 divide 189?
True
Is 572 a multiple of 84?
False
Does 36 divide 2908?
False
Does 10 divide 160?
True
Does 27 divide 11473?
False
Does 387 divide 13002?
False
Does 11 divide 2772?
True
Does 6 divide 1446?
True
Does 23 divide 24532?
False
Does 4 divide 1562?
False
Is 8228 a multiple of 73?
False
Does 4 divide 239?
False
Does 20 divide 440?
True
Is 2890 a multiple of 10?
True
Does 9 divide 19494?
True
Does 71 divide 2554?
False
Does 54 divide 919?
False
Is 1191 even?
False
Is 26 a factor of 31268?
False
Does 26 divide 10125?
False
Is 28 a factor of 31752?
True
Is 854 a multiple of 14?
True
Is 5 a factor of 79?
False
Does 31 divide 609?
False
Is 102 a factor of 48310?
False
Is 164 a multiple of 5?
False
Is 24 a factor of 933?
False
Does 69 divide 5280?
False
Does 3 divide 329?
False
Is 12006 a multiple of 4?
False
Is 32 a factor of 1056?
True
Does 60 divide 2888?
False
Does 103 divide 999?
False
Is 427 a multiple of 61?
True
Is 55624 a multiple of 136?
True
Is 360 a multiple of 30?
True
Is 23 a factor of 2617?
False
Does 23 divide 2024?
True
Is 24 a factor of 154652?
False
Does 150 divide 1140?
False
Does 14 divide 1498?
True
Is 2 a factor of 36?
True
Is 3224 a multiple of 104?
True
Does 15 divide 2745?
True
Does 141 divide 3102?
True
Does 2 divide 154?
True
Is 33 a factor of 2145?
True
Is 209 a multiple of 11?
True
Is 17 a factor of 4065?
False
Is 29093 a multiple of 17?
False
Is 56 a factor of 5795?
False
Is 17 a factor of 12072?
False
Does 11 divide 3234?
True
Does 15 divide 34?
False
Is 26 a factor of 737?
False
Is 38157 a multiple of 11?
False
Does 5 divide 17476?
False
Is 10 a factor of 210?
True
Is 27 a factor of 61790?
False
Does 15 divide 2145?
True
Does 27 divide 124?
False
Is 22 a factor of 8395?
False
Does 7 divide 296?
False
Is 5320 a multiple of 10?
True
Does 12 divide 1964?
False
Does 15 divide 1219?
False
Is 15 a factor of 324?
False
Is 13124 a multiple of 17?
True
Does 15 divide 2017?
False
Is 22 a factor of 8881?
False
Is 38220 a multiple of 260?
True
Is 967 a multiple of 6?
False
Does 17 divide 24395?
True
Is 268 a multiple of 20?
False
Does 2 divide 33?
False
Does 21 divide 1764?
True
Does 43 divide 2522?
False
Does 32 divide 637?
False
Is 21 a factor of 14238?
True
Is 74 a factor of 10138?
True
Is 1241 a multiple of 4?
False
Is 17145 even?
False
Is 177 a multiple of 45?
False
Is 2762 a multiple of 15?
False
Is 21552 a multiple of 12?
True
Does 3 divide 9630?
True
Does 342 divide 61560?
True
Is 40 a factor of 139136?
False
Does 40 divide 33200?
True
Is 14 a factor of 2422?
True
Does 40 divide 240?
True
Is 648 a multiple of 24?
True
Is 7402 even?
True
Does 14 divide 303?
False
Is 58 a factor of 34684?
True
Is 4334 a multiple of 53?
False
Does 47 divide 235?
True
Is 29538 a multiple of 18?
True
Does 38 divide 4714?
False
Does 12 divide 2837?
False
Is 1312 a multiple of 164?
True
Does 114 divide 1482?
True
Is 28 a factor of 36964?
False
Does 66 divide 7458?
True
Does 17 divide 221?
True
Does 11 divide 1168?
False
Is 13115 a multiple of 43?
True
Does 14 divide 83?
False
Does 28 divide 89068?
True
Is 3310 even?
True
Is 7 a factor of 623?
True
Does 68 divide 612?
True
Is 1720 a multiple of 13?
False
Does 4 divide 1399?
False
Is 6 a factor of 37?
False
Does 24 divide 24600?
True
Is 23 a factor of 2629?
False
Is 7786 a multiple of 25?
False
Does 23 divide 10727?
False
Is 424 a multiple of 11?
False
Is 22 a factor of 1660?
False
Is 16 a factor of 12465?
False
Is 5 a factor of 25?
True
Is 28035 a multiple of 15?
True
Does 13 divide 299?
True
Is 595 a multiple of 85?
True
Does 21 divide 90206?
False
Does 9 divide 81?
True
Is 19 a factor of 19?
True
Is 19 a factor of 4066?
True
Is 18706 a multiple of 39?
False
Does 10 divide 15795?
False
Does 8 divide 4977?
False
Is 19 a factor of 445?
False
Is 102060 a multiple of 486?
True
Does 51 divide 7026?
False
Is 18 a factor of 4870?
False
Is 16 a factor of 62768?
True
Is 2635 a multiple of 17?
True
Is 19 a factor of 473?
False
Is 9072 a multiple of 84?
True
Is 12 a factor of 696?
True
Does 33 divide 297?
True
Is 6031 a multiple of 27?
False
Does 91 divide 2209?
False
Does 4 divide 20420?
True
Is 2 a factor of 180?
True
Is 4 a factor of 342?
False
Is 9 a factor of 822?
False
Is 31 a factor of 66191?
False
Does 6 divide 828?
True
Is 27 a factor of 81054?
True
Is 280 a multiple of 14?
True
Is 412 a factor of 90228?
True
Does 7 divide 11771?
False
Does 70 divide 9429?
False
Is 8 a factor of 2104?
True
Is 13 a factor of 1094?
False
Is 1126 a multiple of 12?
False
Is 24 a factor of 422?
False
Is 11824 a multiple of 26?
False
Is 47 a factor of 1760?
False
Is 60 a factor of 1860?
True
Is 26 a factor of 1222?
True
Is 9348 a multiple of 67?
False
Does 13 divide 897?
True
Does 6 divide 1032?
True
Does 170 divide 7280?
False
Does 12 divide 120?
True
Is 92 a factor of 8556?
True
Is 11517 a multiple of 18?
False
Does 3 divide 67?
False
Does 14 divide 812?
True
Does 34 divide 1802?
True
Is 1164 a multiple